3, 53, 733
What are the prime factors of 732752?
2, 41, 1117
List the prime factors of 149514.
2, 3, 24919
List the prime factors of 114191.
7, 11, 1483
List the prime factors of 455672.
2, 7, 79, 103
List the prime factors of 846186.
2, 3, 11, 12821
What are the prime factors of 752112?
2, 3, 1741
List the prime factors of 11489099.
89, 167, 773
List the prime factors of 820909.
820909
List the prime factors of 29768582.
2, 1087, 13693
List the prime factors of 4642947.
3, 359, 479
List the prime factors of 19872776.
2, 7, 11, 32261
What are the prime factors of 421332?
2, 3, 35111
What are the prime factors of 2981798?
2, 1490899
List the prime factors of 27039564.
2, 3, 31, 24229
What are the prime factors of 145974?
2, 3, 24329
List the prime factors of 1768386.
2, 3, 294731
List the prime factors of 3626786.
2, 73, 24841
What are the prime factors of 10298344?
2, 7, 173, 1063
What are the prime factors of 24900899?
41, 607339
What are the prime factors of 33066012?
2, 3, 7, 37, 10639
What are the prime factors of 8767317?
3, 13, 41, 5483
What are the prime factors of 31691?
11, 43, 67
List the prime factors of 234349.
29, 8081
What are the prime factors of 205482?
2, 3, 23, 1489
List the prime factors of 10798268.
2, 13, 281, 739
List the prime factors of 7023829.
29, 242201
What are the prime factors of 1565046?
2, 3, 7, 12421
What are the prime factors of 19142?
2, 17, 563
List the prime factors of 760034.
2, 11, 179, 193
List the prime factors of 2804703.
3, 11, 84991
What are the prime factors of 152246?
2, 76123
What are the prime factors of 846294?
2, 3, 17, 8297
What are the prime factors of 259216?
2, 17, 953
What are the prime factors of 357515?
5, 71503
What are the prime factors of 3475695?
3, 5, 139, 1667
What are the prime factors of 3499425?
3, 5, 103, 151
What are the prime factors of 1559463?
3, 19, 109, 251
List the prime factors of 12538356.
2, 3, 139, 7517
What are the prime factors of 111383?
31, 3593
List the prime factors of 1826592.
2, 3, 53, 359
List the prime factors of 365335.
5, 31, 2357
List the prime factors of 2729373.
3, 909791
List the prime factors of 17700279.
3, 5900093
What are the prime factors of 5321268?
2, 3, 29, 1699
What are the prime factors of 243789?
3, 7, 13, 19, 47
What are the prime factors of 158434?
2, 37, 2141
List the prime factors of 278248.
2, 34781
What are the prime factors of 10729628?
2, 7, 13, 4211
What are the prime factors of 931509?
3, 29, 43, 83
What are the prime factors of 123779?
41, 3019
What are the prime factors of 3608307?
3, 31, 479
What are the prime factors of 28019099?
28019099
List the prime factors of 7201888.
2, 73, 3083
What are the prime factors of 471204?
2, 3, 4363
List the prime factors of 1154729.
179, 6451
What are the prime factors of 11076095?
5, 17, 130307
What are the prime factors of 8526217?
7, 613, 1987
List the prime factors of 345303.
3, 7, 29
What are the prime factors of 275518?
2, 347, 397
What are the prime factors of 657493?
657493
What are the prime factors of 1027281?
3, 179, 1913
What are the prime factors of 27285?
3, 5, 17, 107
List the prime factors of 438547.
59, 7433
List the prime factors of 708246.
2, 3, 7, 11, 73
List the prime factors of 8361237.
3, 709, 3931
List the prime factors of 32395.
5, 11, 19, 31
List the prime factors of 553631.
13, 37, 1151
List the prime factors of 6005412.
2, 3, 7, 23831
What are the prime factors of 969623?
239, 4057
What are the prime factors of 17579880?
2, 3, 5, 47, 1039
What are the prime factors of 4073887?
4073887
What are the prime factors of 39781457?
4871, 8167
What are the prime factors of 212757?
3, 70919
List the prime factors of 3526243.
7, 137, 3677
List the prime factors of 7316613.
3, 17, 29, 97
List the prime factors of 830837.
7, 118691
List the prime factors of 178910.
2, 5, 17891
List the prime factors of 8807973.
3, 61, 48131
List the prime factors of 254061.
3, 28229
List the prime factors of 58501.
19, 3079
List the prime factors of 18261893.
13, 17, 82633
What are the prime factors of 483224?
2, 7, 8629
What are the prime factors of 4722623?
1619, 2917
List the prime factors of 4460593.
4460593
What are the prime factors of 486919?
89, 5471
What are the prime factors of 4948247?
4948247
List the prime factors of 217916.
2, 157, 347
List the prime factors of 140.
2, 5, 7
What are the prime factors of 7698889?
11, 347, 2017
What are the prime factors of 1496253?
3, 11, 45341
List the prime factors of 2531670.
2, 3, 5, 84389
What are the prime factors of 10893705?
3, 5, 29, 79, 317
List the prime factors of 4229822.
2, 239, 8849
List the prime factors of 1325396.
2, 331349
List the prime factors of 2458701.
3, 7, 13009
List the prime factors of 1148701.
1148701
List the prime factors of 3082607.
11, 71, 3947
What are the prime factors of 552252?
2, 3, 46021
List the prime factors of 860030.
2, 5, 17, 5059
List the prime factors of 1127417.
43, 157, 167
What are the prime factors of 426810?
2, 3, 5, 41, 347
What are the prime factors of 93310?
2, 5, 7, 31, 43
What are the prime factors of 38401103?
13, 2953931
What are the prime factors of 2697970?
2, 5, 11, 24527
List the prime factors of 191216.
2, 17, 19, 37
What are the prime factors of 2364077?
2364077
What are the prime factors of 150745?
5, 7, 59, 73
List the prime factors of 536603.
67, 8009
List the prime factors of 49556.
2, 13, 953
List the prime factors of 28129.
23, 1223
What are the prime factors of 1291999?
1291999
What are the prime factors of 79713?
3, 17, 521
What are the prime factors of 117406?
2, 47, 1249
List the prime factors of 850443.
3, 11, 25771
List the prime factors of 2100280.
2, 5, 7, 13, 577
List the prime factors of 7765210.
2, 5, 776521
List the prime factors of 3941385.
3, 5, 7, 37537
What are the prime factors of 60836?
2, 67, 227
List the prime factors of 14600901.
3, 7, 695281
What are the prime factors of 72166?
2, 36083
List the prime factors of 3666130.
2, 5, 13, 28201
List the prime factors of 11671748.
2, 11, 31, 43, 199
List the prime factors of 468490.
2, 5, 11, 4259
What are the prime factors of 233716?
2, 7, 17, 491
What are the prime factors of 10682922?
2, 3, 1780487
List the prime factors of 4575049.
4575049
What are the prime factors of 756562?
2, 23, 16447
What are the prime factors of 4599902?
2, 2299951
What are the prime factors of 39992278?
2, 19996139
List the prime factors of 2848316.
2, 17, 41887
What are the prime factors of 1074276?
2, 3, 7, 29
What are the prime factors of 637200?
2, 3, 5, 59
List the prime factors of 31116800.
2, 5, 11, 13, 17
List the prime factors of 551276.
2, 11, 17, 67
What are the prime factors of 1055312?
2, 65957
What are the prime factors of 20729214?
2, 3, 11, 104693
What are the prime factors of 194129?
13, 109, 137
List the prime factors of 9715670.
2, 5, 17, 67, 853
List the prime factors of 14109414.
2, 3, 11, 313, 683
List the prime factors of 5005740.
2, 3, 5, 19, 4391
List the prime factors of 148110.
2, 3, 5, 4937
What are the prime factors of 233108?
2, 101, 577
What are the prime factors of 2013394?
2, 79, 12743
What are the prime factors of 830317?
37, 22441
List the prime factors of 2222839.
2222839
What are the prime factors of 352154?
2, 11, 16007
What are the prime factors of 20224420?
2, 5, 1011221
What are the prime factors of 31277644?
2, 337, 23203
What are the prime factors of 1849462?
2, 924731
What are the prime factors of 760021?
107, 7103
List the prime factors of 672523.
41, 47, 349
List the prime factors of 82490.
2, 5, 73, 113
What are the prime factors of 5820716?
2, 11, 263, 503
List the prime factors of 136015.
5, 11, 2473
What are the prime factors of 533829?
3, 177943
What are the prime factors of 1570926?
2, 3, 7, 113, 331
List the prime factors of 376717.
11, 23, 1489
List the prime factors of 18882766.
2, 7, 1348769
What are the prime factors of 6743342?
2, 3371671
What are the prime factors of 3915421?
3915421
What are the prime factors of 74039?
7, 1511
List the prime factors of 455558.
2, 379, 601
What are the prime factors of 4090147?
4090147
List the prime factors of 5015440.
2, 5, 71, 883
What are the prime factors of 77352?
2, 3, 11, 293
What are the prime factors of 2524069?
2524069
What are the